t is the remainder when 26 is divided by s(-7)?
5
Suppose 50 + 58 = 3*x. What is the remainder when x is divided by 10?
6
Let p = 362 - 144. Calculate the remainder when p is divided by 22.
20
Suppose 3*o + 2*o + 3*r - 106 = 0, -89 = -4*o - r. Calculate the remainder when 67 is divided by o.
21
Suppose -v - 1 = -5. Let q(p) = 8*p. Calculate the remainder when q(v) is divided by 17.
15
Suppose -4*k = k + 4*l - 54, 2*k + 5*l - 25 = 0. Calculate the remainder when 16 is divided by k.
6
Let u(z) = z**2 - 4*z - 4. Let x be u(6). Calculate the remainder when 28 is divided by (x/(-6))/((-6)/45).
8
Let r = -201 + 333. Suppose m - r = -m. Suppose -3*h = 4*n - 4*h - m, 6 = -3*h. Calculate the remainder when n is divided by 6.
4
What is the remainder when 4/(-12) + 712/12 is divided by 10?
9
Suppose -4*b = -b - 21. Suppose -x + 2*x - 24 = 2*p, 6 = p - 5*x. What is the remainder when 2*(-7)/(p/20) is divided by b?
6
Let x(d) be the first derivative of -d**3 + 2 - 2*d - d**2 - 1/4*d**4. What is the remainder when 10 is divided by x(-3)?
2
Calculate the remainder when 179/3 - (-4)/3 is divided by 16.
13
Let v = 435 + -293. Let s = v - 89. What is the remainder when s is divided by 14?
11
Suppose 2 = -2*o - 2. Let r(i) be the second derivative of -i**5/20 + i**4/12 - i**2/2 - i. Calculate the remainder when 20 is divided by r(o).
9
Let i = 0 + 6. Calculate the remainder when 21 is divided by i.
3
Suppose -5*f + 71 = -3*x, 7*f + 4*x - 57 = 2*f. Let z be (-1)/(-4) - (-7)/4. Let o(w) = w**2 + w - 1. What is the remainder when f is divided by o(z)?
3
Suppose 2*m - 2*q + 8 = 24, 2*m = -4*q - 8. Suppose -4*r + 18 = s - 0*s, 0 = 2*s - 2*r + m. What is the remainder when 6 is divided by s?
0
Let d = 68 + -67. Let f be (-8)/(-6)*(-18)/(-4). Let o(c) = -c**2 + 5*c + 7. Calculate the remainder when d is divided by o(f).
0
Let w(t) be the first derivative of -t**4/4 - 8*t**3/3 + 3*t**2/2 + 11*t - 2. Calculate the remainder when w(-9) is divided by 17.
14
Let h = 0 - -2. Suppose -5*w = 3*r + 5, -h*r - 14 = -0*w - 2*w. What is the remainder when 10/8 + 3/4 is divided by w?
0
Let w = -4 - -5. Let k be (1/w)/(-4 - -3). Calculate the remainder when 37 is divided by -2*k/(2/13).
11
Let l = 92 - 44. What is the remainder when l is divided by 18?
12
Suppose 86*q - 88 = 84*q. What is the remainder when q is divided by 16?
12
Calculate the remainder when (-232)/(-4) + 2 + -2 is divided by 20.
18
Let s(u) = -u**3 - 5*u**2 - 5*u + 4. Calculate the remainder when 27 is divided by s(-4).
3
Suppose 7 = q + 3. What is the remainder when 5 is divided by 0 - -1 - (q - 6)?
2
What is the remainder when -2*18/4*-6 is divided by 15?
9
Let h(o) = -27*o. Let g be h(1). Let q = -10 - g. Calculate the remainder when (-4)/(-6)*75*1 is divided by q.
16
Let t be 8/(-12) + 8/3. Suppose -2*o + 3*o - t = 0. Suppose o*c - 18 = c. What is the remainder when c is divided by 10?
8
Suppose i + 2*n = 93, 0 = -4*i - n - 91 + 463. Calculate the remainder when i is divided by (72/10)/(6/20).
21
Let z = -44 - -93. Suppose 5*p = 3*c - 19, -5*c + 0*p = -4*p - z. Calculate the remainder when 50 is divided by c.
11
Let a(u) = -u - 16. Calculate the remainder when 24 is divided by a(-23).
3
Let l(p) = p**3 + 2*p**2 + p. Let r be l(-4). Let w be (4/6)/((-8)/r). What is the remainder when 32 is divided by (0 + (-3)/w)*-17?
15
What is the remainder when 234 is divided by (4 - 8) + 1 + 50?
46
Let d(a) = a - 1. Suppose 3*l = c - 13, -1 = -5*c - 5*l - 16. Let s = 2 + c. What is the remainder when 3 is divided by d(s)?
1
Let g(b) = 4*b - 9. Let y = 152 + -108. What is the remainder when y is divided by g(6)?
14
Suppose -2*m = -3*h - 14 - 21, 2*h = -5*m + 135. Calculate the remainder when m is divided by 7.
4
Let c = -2 + 2. Suppose 2*l - 4*l + 6 = c. Suppose 5*n - 5*m = 4*n, -l*m = n - 8. What is the remainder when 14 is divided by n?
4
Let i(g) = -g + 5. Let o = 13 - 9. Calculate the remainder when o is divided by i(3).
0
What is the remainder when 0 - -1 - (-2 + -56) is divided by 20?
19
Suppose 4*u = 5*j - 380, -5*j + 2*u + 350 = 4*u. Suppose 3*a = -a + 4*g + j, 0 = a - 3*g - 28. Calculate the remainder when 37 is divided by a.
11
Let r = -4 + 6. Suppose r*o - o = 0. Suppose -u - 3*k - k + 21 = o, -71 = -4*u - 3*k. What is the remainder when u is divided by 9?
8
Let v be -2 - (-6 - 0/(-2)). Let h(c) = 7*c - 5. What is the remainder when 67 is divided by h(v)?
21
Let p = -2 + -2. Let d(a) = -a + 4. Suppose -3*n = 2*n - 5*f - 140, 4*f + 20 = 0. What is the remainder when n is divided by d(p)?
7
Calculate the remainder when (-117)/(-3) - (-6 + 4) is divided by 6.
5
Let a = 8 - 6. Let x = -65 - -137. Suppose a*g - 5*o = -2*g + x, 0 = -5*g - 2*o + 57. What is the remainder when g is divided by 4?
1
Let u = 2 + -3. Let n be -1*4*u/2. Suppose 2*k - n = 2. What is the remainder when k is divided by 2?
0
Let o(i) = i**2 - 6*i + 1. Let y be o(6). Suppose -3*m - 3 = -4*j - y, -3*j = m - 8. Let x = m - -12. What is the remainder when 27 is divided by x?
13
Let h(l) = -l**2 + 7*l - 5. Let s be h(5). Let v = s - 4. Suppose 2*g + v - 21 = 0. Calculate the remainder when 38 is divided by g.
8
Let i(q) = -4*q + q - q. What is the remainder when i(-7) is divided by 15?
13
Suppose -x = x - 10. Calculate the remainder when x is divided by 3.
2
Let u(x) = x + 8. Let d(k) = 3*k + 16. Let n(z) = -2*d(z) + 5*u(z). What is the remainder when 18 is divided by n(3)?
3
Suppose q + 0 = 3. Suppose q*t + t = -20. Let u(l) = -3*l. What is the remainder when 57 is divided by u(t)?
12
Let p be 5*1 + (4 - 3). Suppose -4*h - 4 = -c + p, 2*h = -4. Calculate the remainder when 5 is divided by c.
1
Let q = -11 - -20. Suppose 5*m - 44 + q = 0. Let j(y) = y**2 - 3. Calculate the remainder when j(-4) is divided by m.
6
Suppose -5*m = -4*f - 1029, 0*f - 5*f = -20. Suppose 5*j + 103 = 2*g - g, -3*g + m = 5*j. Calculate the remainder when g is divided by 20.
18
Suppose 8 + 8 = 4*u. Suppose 3*b = -x + 360, -u*x + 2*x = -2*b + 248. Calculate the remainder when b is divided by 31.
28
Let r(x) = -2*x + 7. What is the remainder when r(0) is divided by 4?
3
Let j(w) = w + 43. Let o = 29 - 7. What is the remainder when j(0) is divided by o?
21
Suppose 0 = -2*k + 6. Suppose 385 = 2*z + k*z. Let y = z + -55. Calculate the remainder when y is divided by 8.
6
Let g(v) = -6*v - 5. Let n(d) = -1. Let a(w) = g(w) - 2*n(w). Suppose 2*p + 0*p = 16. Calculate the remainder when a(-3) is divided by p.
7
Let x(v) = -v**2 - 12*v - 14. Let a be x(-10). What is the remainder when 22 is divided by 2/(-3) + 76/a?
10
Let m(w) = w. Let t be m(8). Suppose 5*k = 88 - t. Suppose 0 = r + 9 - 18. Calculate the remainder when k is divided by r.
7
Let s be 2 - (2 + 2 - 2). Let p(z) be the second derivative of z**5/20 + z**4/12 + 15*z**2/2 + 2*z. What is the remainder when 28 is divided by p(s)?
13
Suppose 0 = -10*q + 127 + 743. What is the remainder when q is divided by 7?
3
What is the remainder when 4/8*(-206)/(1 + -2) is divided by 35?
33
Let w be 4 + -5 + -1 + 7. Suppose -q = -5*p + 2*p + 35, -3*p + w = 5*q. Let t = 22 - p. What is the remainder when 33 is divided by t?
9
Let h(s) = -s**2 + 10*s - 3. Let b = 3 - 1. Suppose -2*d + b*q + 24 = 0, -d - q + 5*q + 27 = 0. Calculate the remainder when 34 is divided by h(d).
16
Let j(u) = 3*u - 4. Let o(z) = -6*z + 8. Let y(v) = 7*j(v) + 4*o(v). Let w be y(-5). Let x = -3 + w. Calculate the remainder when x is divided by 9.
7
Let a = -7 - -22. Suppose -m + a = 6. What is the remainder when 17 is divided by m?
8
Suppose 135 = 4*d - 13. Let b = -20 - -40. What is the remainder when d is divided by b?
17
Suppose 0 = 4*o + 2*p - 238, 5*o - 4*p - 277 = 27. What is the remainder when (-2)/(-4)*(o - 10) is divided by 9?
7
Suppose -4*l + 17 = -h, -2*h + 12 = 2*h. Calculate the remainder when l is divided by 2.
1
Suppose 0*g - 150 = -5*g. Let c = -1 + 17. Calculate the remainder when g is divided by c.
14
Suppose -j = -5*s + 4*s - 57, 5*j - 2*s - 297 = 0. Calculate the remainder when j is divided by 16.
13
Suppose -m + 6 = 4*q, 4*m = -4*q + 7*q - 14. What is the remainder when 39 is divided by q + 0 + 1 - -18?
18
Let y(u) = -3*u - 10. Let f be y(-8). Suppose 13 = q - f. Calculate the remainder when q is divided by 10.
7
Suppose -4*m - 21 = -3*l - 0*l, -3